u - 6*u. Suppose 4*x + 196 = 4*r, 4*r + 3*x - 167 - 1 = 0. Calculate the highest common factor of r and u.
45
Let k(b) = -63*b + 705. Let w be k(11). What is the highest common divisor of w and 237?
3
Let d = -332 - -801. Calculate the greatest common factor of 7 and d.
7
Suppose -4*z = o + z - 138, -3*z - 130 = -o. Let h(c) = -13*c + 97. Let k be h(6). What is the greatest common factor of o and k?
19
Let m(j) = 2*j**2 + 12*j - 5. Let n be m(-6). Let o(r) = -5*r - 2. Let h be o(n). What is the highest common divisor of h and 23?
23
Let g = 3 + 0. Suppose 5*o = 4*p + 33 + 255, -4*o - g*p + 249 = 0. Calculate the greatest common factor of o and 20.
20
Let m(p) = -p**3 - 31*p**2 + 59*p + 56. Let i be m(-33). Calculate the greatest common divisor of i and 14.
7
Let t(m) = 4 + 0*m + 45 - 2*m - 14. Let v be t(15). Let x be 12/18*9*v. Calculate the greatest common divisor of 6 and x.
6
Suppose 665 = 5*n - 5*p + 125, -4*n - 4*p = -448. Suppose 0 = -x + 4*u + n, -55 = 2*x + 4*u - 215. Calculate the highest common divisor of x and 18.
18
Suppose 2*u = 91 + 89. Suppose -k + m + 6 = 0, -k - m + 9 = m. Let g(d) = d**2 + 3*d - 60. Let z be g(k). Calculate the highest common divisor of u and z.
10
Suppose j + 1 = v + 7, -2*j - 4*v = 0. Suppose -j*s - 3*n + 26 = 0, 4*s + n - 9 = 21. Calculate the highest common factor of s and 56.
8
Suppose -4*z + 3*v = -7*z + 81, 3*z = -4*v + 85. Let l = -20 + z. Calculate the greatest common divisor of 3 and l.
3
Let o(n) = n**2 - 5*n + 2. Let k be o(6). Suppose 0 = 4*w + y + y + 4, -y = w - 1. Let g be 39 - (-1)/(w/(-3)). Calculate the greatest common factor of k and g.
8
Suppose d + w + 16 = 5*d, 0 = -w - 4. Suppose -4*m + 111 = d*h - 0*h, -5*h + 73 = 2*m. What is the highest common divisor of 96 and m?
24
Let f = -333 - -360. What is the highest common divisor of 54 and f?
27
Let h(g) = -20*g - 19*g + g**3 + 15 + 38*g - g**2. Let m be h(0). What is the highest common factor of m and 15?
15
Let m(c) = c**2 + 8*c - 22. Let d be m(3). Calculate the greatest common divisor of 253 and d.
11
Suppose 109604 = -3*a + 47*a. Calculate the highest common factor of 47 and a.
47
Let d(u) = -23*u - 2. Let s be d(2). Let y = s + 135. Suppose 0 = -2*h - 3*x + 6*x + y, -x - 127 = -3*h. Calculate the highest common divisor of 14 and h.
14
Let w = -15 + 17. Suppose -5*b + 3*b + 144 = 5*j, -w*j = 5*b - 66. Suppose 8 = 3*d - j. Calculate the greatest common divisor of 18 and d.
6
Let o(n) = -n**3 - 2*n**2 + 2*n - 2. Let v = 26 + -26. Let w be v + 0 - (7 - 4). Let a be o(w). Calculate the greatest common factor of a and 2.
1
Suppose -5*f = -3*h - 1920, -10*f + 14*f = -h + 1536. Calculate the greatest common divisor of f and 12.
12
Let k be (-3 + (0 - -6))/(12/124). Let z = k - 3. What is the greatest common divisor of 14 and z?
14
Let u(p) = -3 + 2 + 2*p + 4*p**2 + p**2. Let c be u(-3). Calculate the greatest common divisor of 190 and c.
38
Suppose -653*b + 641*b = -144. Let u = 46 + -30. Calculate the greatest common divisor of b and u.
4
Let w(n) = 12*n - 54. Let r be w(8). Calculate the greatest common factor of r and 1008.
42
Let c = 3 - 1. Suppose 2*x - c + 0 = 0. Suppose -5 = -u + x. What is the greatest common factor of u and 6?
6
Suppose -48 = 11*k - 389. What is the highest common factor of 775 and k?
31
Suppose -202 = -10*s - 22. Suppose -2*v = u - s, -4*v = -1 - 11. What is the greatest common divisor of u and 48?
12
Suppose -6*s + 16 = 4. Calculate the highest common divisor of s and 22.
2
Let x = 10 + -6. Suppose 0 = -5*j + x*v + 296, 0*j - 4*v = -2*j + 128. Calculate the highest common divisor of j and 84.
28
Let d = 331 - 322. Let o(t) = -t**2 - 7*t - 1. Let q be o(-2). What is the highest common divisor of d and q?
9
Suppose b - 46 = -16. Let i = b + 69. Calculate the highest common divisor of 11 and i.
11
Let y(x) = 9*x + 20. Let j be y(-1). What is the highest common factor of j and 33?
11
Let o = -583 - -703. What is the highest common factor of 45 and o?
15
Let j = -8 - -13. Suppose -f - 24 = -j*f. Let r be 13/2 - f/(-4). What is the highest common factor of 1 and r?
1
Suppose u - 5*u + 8 = 0. Suppose -u*m = m + 4*d - 39, 0 = -5*m + 5*d + 65. Suppose b = 206 - 63. Calculate the highest common factor of m and b.
13
Let s be (-120)/(-65) - (-6)/39. Suppose 186 = 2*v + s*a, -2*v + 273 = v + a. Let x = 0 - -10. Calculate the highest common factor of x and v.
10
Let j(g) = 41*g**2 + 10*g - 22. Let o be j(2). Calculate the highest common factor of o and 36.
18
Let r(q) = q**2 - 22*q - 60. Let j be r(26). Calculate the greatest common divisor of j and 440.
44
Suppose 0 = 2*u - 0*u - 24. Suppose -u*w + 7*w - 45 = 0. Let j = w + 25. Calculate the greatest common divisor of 128 and j.
16
Let l(p) = 1067*p - 7. Let v be l(1). Let d = -675 + v. What is the highest common factor of d and 35?
35
Suppose 4*v = 2*l - 0*v - 44, -3*l + 57 = 3*v. Suppose -i + 10 = 4*i. Suppose -i*y = 4*y - 1080. Calculate the greatest common divisor of l and y.
20
Suppose 0 = 60*w - 818 - 1822. Calculate the highest common factor of 1276 and w.
44
Let o = 10 - -4. Let q be -2 + 1 + (-15)/(-3). Suppose -3*b = -q*d + 289, -2*b - 3 - 3 = 0. What is the highest common factor of o and d?
14
Let a = -34 + 48. What is the highest common divisor of 77 and a?
7
Suppose -5*g - 21 = -5*y - g, g + 9 = 2*y. Let p(a) = -a**3 + 2*a**2 + a + 2. Let q be p(0). What is the highest common factor of q and y?
1
Suppose -7 = -4*b + 9. Suppose 4*n = 8*n - b. Let v be 89*n - (-10 - -8). Calculate the highest common divisor of v and 13.
13
Let k = 597 - 471. Calculate the highest common factor of k and 98.
14
Let l = 3 - -3. Suppose -6*g + 3*g + l = 0. Suppose 640 = 2*o + g*o. What is the greatest common factor of o and 20?
20
Let j be 14/(8 + -3 - 3). Let c be j/(7/(-5)) - -47. Let n be (1 - 7)*14/(-3). What is the highest common divisor of c and n?
14
Let w be 110/10 + -3*1. Suppose -40*l - w = -44*l. Calculate the greatest common factor of 8 and l.
2
Let l(s) = 2*s**2 - s + 8. Let q = 12 - 8. Let j(m) = -2*m**3 + 7*m**2 + 4*m + 4. Let w be j(q). Let i be l(w). Calculate the greatest common factor of 4 and i.
4
Let z = -489 - -1112. What is the greatest common divisor of 7 and z?
7
Let q be -1*4*13/(-4). Let u = q - 9. Let j(d) = -d**3 + 5*d**2 - 2*d + 4. Let p be j(u). Calculate the highest common factor of 12 and p.
12
Suppose 150 = h + f, -f - 3*f = 0. Calculate the greatest common divisor of 3 and h.
3
Suppose 0*c = 46*c - 25806. Calculate the highest common factor of c and 66.
33
Let x be (89 - 54) + (-22)/(-2). Calculate the greatest common divisor of x and 12.
2
Let s(a) = 6*a - 2. Let j be s(1). Suppose -j*y + 21 = -y. What is the highest common factor of 1 and y?
1
Suppose 4*h - 2*y + y + 13 = 0, -h - 4*y + 1 = 0. Let c be h - 1452/(-7 + 3). Let l = c - 216. What is the highest common divisor of 16 and l?
16
Let m be (12/(-8))/(3/8). Let x(a) = -a**3 + 0*a + 0*a**3 + 785 - 783 + 3*a. Let b be x(m). What is the highest common divisor of 36 and b?
18
Let v(m) = 7*m + 2. Let k be v(4). Suppose -63*p + 222 = 11*p. Calculate the greatest common factor of k and p.
3
Let s(m) = -5*m**3 - 5*m**2 + 4*m. Let g be s(3). Let b be 3*(9 + -10 - (-1)/3). Let l be g/(-36) + b/3. Calculate the greatest common divisor of l and 36.
4
Let r(z) = -z**3 - 6*z**2 - 4*z - 14. Let l be r(-6). Calculate the greatest common factor of 320 and l.
10
Suppose 4*r - 186 = -i + 3*r, -3*i + r = -550. Let c be 0/((-1)/(2/6)). Let g be -7 - -31 - (c + 1). Calculate the greatest common divisor of i and g.
23
Let d = 84 - 64. Calculate the highest common divisor of 1130 and d.
10
Let n be 34/3*6*(-2747)/(-82). Calculate the highest common factor of n and 34.
34
Suppose 41 + 23 = i. Let j(s) = s**3 - 9*s**2 + 7*s + 11. Let w be j(8). Suppose w*r = 8*r - 40. Calculate the greatest common divisor of i and r.
8
Suppose g - 10 = -5*m + 1, -3*g - 2*m + 20 = 0. Let x(q) = 5*q - 4. Let i be x(g). What is the greatest common factor of 65 and i?
13
Let f be 46/(-4) + 30/20. Let l = 2 - f. What is the highest common factor of 48 and l?
12
Suppose 291 = 4*s + 4*c - 321, -2*s = c - 305. Calculate the highest common divisor of 76 and s.
76
Let z(a) = -a**3 - 9*a**2 + 10*a + 3. Let i be z(-10). Suppose -6*j + i*j = 0,